+ 2 + 17).
18
What is the value of (14 - -1) + (24 - 13 - 24)?
2
2 - 7 - ((1 - 0) + 4)
-10
Calculate 5 + (-1 - (2 + -3 - (-1 - -2))).
6
Calculate (-2 - -12) + -79 + 12 + 49.
-8
What is the value of -5 + -4 - (3 + -7)?
-5
(7 - (7 - -13)) + (13 - -2)
2
What is 122 + -140 + 2 + 10 + 4 + 0?
-2
(-4 - (-2 - 4)) + -7 + -2
-7
Evaluate (-45 - -61) + (8 - 0 - -13).
37
What is the value of (-9 - (15 - 32)) + -29 - (-1 + 3)?
-23
(461 - 471) + 12 + -2
0
1 + -1 - ((5 - (-11 - -10)) + -2)
-4
What is the value of (75 - 74) + 2 + -3 + 0?
0
Evaluate 8 + (-4 + 14 - 9 - 2) - 15.
-8
What is -13 - -1 - (-21 - -3) - -11?
17
21 - 14 - (7 - (2 - 7 - -6))
1
Calculate 6 + (39 - 43) + -23.
-21
What is the value of -36 + 10 + 0 - -54?
28
14 + -48 + 17 - -37
20
Evaluate -3 + (-2 + 2 - 16) - (-394 + 397).
-22
What is 0 + 11 - 1 - (3 + -3 + 1)?
9
Evaluate 37 - (-45 + 81) - (0 - -1).
0
Calculate -12 + -16 + (8 - (2 + 10)).
-32
17 + -40 + (20 - 11)
-14
Evaluate -8 + (3 + 0 - 11) + 1.
-15
Calculate -12 - (8 + 19 + -5).
-34
Calculate (-17 - 11 - -13) + 1 + 26.
12
Calculate (-4 - -14 - -4) + -5 + 0.
9
Evaluate 3 - -26 - 12 - (0 - -3).
14
What is 18 - -10 - (-22 + 23)?
27
Calculate -5 - (3 - 2) - ((3 - 3) + 9).
-15
Evaluate 42 + -43 - (-10 - 13).
22
(8 - (-14 + 1 - -17)) + -7
-3
What is 49 + (21 - 75) - (-9 - 2)?
6
What is -12 + 0 - -6 - -22 - 7?
9
What is -3 + (350 + -309 - (9 - 0))?
29
-28 - 0 - (-61 + 29)
4
Evaluate 1 + 11 - (6 + 2 - (123 - 113)).
14
(-130 - -113) + (3 - 1)
-15
176 + -178 + (-2 - 1) - -12
7
Evaluate 5 + 12 + (-17 - -15).
15
What is the value of -7 + -32 + -1 + 16?
-24
Evaluate (-6 - -5) + 8 - 13 - -11.
5
(6 + 9 + 0 - 3) + -5
7
Evaluate (-6 - 2) + (99 - 96).
-5
What is the value of 21 + 16 + -33 + (0 - -5)?
9
-2 - (4 - 16 - -6) - (0 + -13)
17
What is the value of 1 - 15 - (-41 - -34)?
-7
Calculate 219 + -229 - (0 + 3 + (-2 - 3)).
-8
What is 5 + -12 - (-1 - (-2 - -3))?
-5
Calculate -7 + -1 + (-8 - -18) + 12.
14
What is the value of 9 + (8 - (15 - (-7 - -10))) + 3?
8
-9 - (-8 - -5) - (-18 + 20)
-8
Calculate (-23 - -13) + (14 - 11) + -13.
-20
Evaluate -17 + (24 - (-30 - -54)).
-17
Calculate (7 - 4) + -2 + 1 + -14 + 23.
11
Evaluate 18 - (1 + 0 - -4 - (2 + -7)).
8
Calculate (3 - (-26 - -38)) + -7.
-16
Calculate -41 - -55 - (1 + (-4 - (0 - 2))).
15
Calculate 4 + 2 + 10 + 12 + -8.
20
Calculate 7 + (-11 - 0 - (26 - 19)).
-11
Evaluate 18 + (-166 - -188 - (0 + 6)).
34
Evaluate (13 - 8) + (6 - 8) + (-1 - -1).
3
What is the value of 0 + -7 + -1 + 51 + -37?
6
What is -16 + (17 - -6) + (10 - 6) + -32?
-21
-3 + (11 - 2) + 12 + -22 + 11
7
Evaluate -19 - (8 - (21 - 41 - -62)).
15
What is the value of 23 + 28 + -15 + -29 + 12?
19
0 + -5 + 80 + -78 + 13 + 2
12
What is 8 - (1 + 26) - (2 + -3) - -2?
-16
(-4 - (-7 + 7 - -4 - -1)) + 4
-5
Evaluate -184 + 196 + (-1 - 1) + (-3 - -1).
8
What is the value of -6 + 18 - (12 + (19 - -2))?
-21
What is the value of -11 + -1 + 7 - (3 + 0 + -12)?
4
Evaluate 4 + 18 - (1 + 16).
5
Calculate -63 + 65 - ((3 - 3) + 1).
1
Evaluate -5 - (-1 - 1 - ((-7 - -33) + 1)).
24
Evaluate (1 - 2) + 3 + (33 - -38) + -56.
17
Calculate (2 - (-14 - -3) - 2) + -95 + 91.
7
-1 + (-14 - -4 - 13) - -13
-11
What is the value of 12 - (22 + -8 + -10)?
8
Calculate 4 - ((2 - -7) + 2) - (1 + -4).
-4
Evaluate -2 - (-1 - 4 - (5 - (8 + 1))).
-1
Evaluate -17 + 9 + (-5 - -7).
-6
What is 11 + -4 + (4 - 3) - (-1 + -9)?
18
3 - -24 - (10 + 27 + -16 + -13)
19
Evaluate 2 - (-2 + 18 + -23).
9
What is (-36 - -18) + 16 + -7?
-9
What is (-5 - (-9 - -14)) + -1 + 1 - -15?
5
Calculate (8 + (0 - -8) - 0) + -8.
8
(5 - (1 + -6 - -9)) + -11
-10
What is 13 - (-12 - ((19 - 11) + -28))?
5
What is the value of (4 + 0 - 4) + (-18 - -18)?
0
What is -3 + (-23 - (11 - 21) - -14)?
-2
What is 28 - -10 - (9 + -5 - -8)?
26
What is the value of -2 + -3 + 5 - (1 + 3 + -11)?
7
Evaluate (8 + 9 - -9) + -12.
14
Evaluate -9 - (-2 - 15 - 0).
8
Calculate (0 - (0 + 5) - -11) + -6 - 7.
-7
What is 16 - (27 - 10) - (19 + -2)?
-18
(3 - 45) + (13 - 0) + (-150 - -139)
-40
Evaluate (-9 - (-8 - 9 - -3)) + -10.
-5
What is the value of -2 - 32 - (-83 + 79)?
-30
58 + -18 - 22 - 14
4
Calculate 3 + -1 - (-789 + 771).
20
Calculate -45 + 19 + 15 - (-26 + 3) - 0.
12
What is 30 - (6 + -16 + 9)?
31
-32 + (-6 - -20) + -4 + -6 + -6
-34
Evaluate 3 + -5 + 13 + -3 - 10.
-2
-14 + (10 - (3 + 1)) + 13
5
What is (12 - -10 - 11) + 4 + 0 + -4?
11
2 + (2 + (2 - 2) - (148 + -154))
10
What is the value of 3 + -4 - ((3 - -3) + -26 + 2)?
17
What is (21 - -1) + 1411 + -1420?
13
Evaluate (-6 - (5 - 24)) + -11 - 7.
-5
What is (-12 - (6 - (6 + -1))) + 5?
-8
Evaluate -12 + 7 - 9 - -15.
1
Calculate -4 + (11 - 11 - 6) + 0 + -7.
-17
Calculate (-303 - -313) + -10 + 3.
3
Calculate 9 + -5 - (19 + -23).
8
What is the value of -144 - -148 - (-9 + 0)?
13
What is the value of 0 + (1 - 1) + (72 - -7 - 55)?
24
Evaluate -32 + 67 + -29 - (-7 + 0).
13
What is the value of -12 + (31 - 11) - (-3 - -20)?
-9
What is 3 + -5 - (-1 - 0) - (-627 - -630)?
-4
Calculate 7 + -1 - (-3 + 8 + 0 + -5).
6
What is the value of 0 + (24 - (-10 - -19))?
15
What is 20 + 2 + -14 - (-1 - -36)?
-27
Calculate -7 - ((-1 - -5) + 5 + -29).
13
Evaluate -6 - (-9 + 11 + -7 + 7).
-8
Calculate 43 + -66 + 7 - -18.
2
What is (-10 - (-6 - -2)) + 5 + -4 + -1?
-6
Calculate -12 - ((49 - 44) + -2).
-15
What is the value of 1 - 27 - (-3 + (12 - 18 - -3))?
-20
Evaluate 9 + (-5 - (4 + (17 - (20 + -9)))).
-6
19 + -14 + -27 + 12
-10
Calculate (6 - 3) + -30 - (-7 + -3).
-17
-156 + 152 + 21 + -3 + 2 + -2
14
Evaluate -10 - (15 - (-17 + 31)) - (1 - 18).
6
(2 - (2 + 0)) + -11 + (-71 - -76)
-6
Evaluate 3 - -3 - (-10 - ((9 - 11) + -1)).
13
What is the value of 24 + -52 - -21 - (-1 - (6 + 0))?
0
Evaluate (14 - 15 - 17) + -3 + 6 + -2.
-17
34 + (-41 + 38 - 32)
-1
Calculate (-8 - (-4 - -5)) + 7.
-2
What is the value of (-18 - (11 - 36)) + (-3 - -6 - -2)?
12
-18 - (-8 + (-4 - -2)) - (-1 - 11)
4
Evaluate 2 + (6 + -6 - 7) - (1 + -5).
-1
Evaluate 5 + 12 + 2 + -12 + 1 + 11.
19
What is (-5 + 0 - (-19 + 9)) + (-7 - -13)?
11
Calculate 12 - (-8 + (-1 - -8 - 14) + 6).
21
Calculate 7 + -9 + 16 + 5 + -4.
15
Calculate -11 - ((-17 - -16 - (4 - 1)) + 6).
-13
Evaluate -1 - -8 - (0 - 0) - (254 - 251).
4
(-9 + (12 - 5) - -5) + 3
6
(7 - 22) + -11 + 29 + 6
9
What is the value of -37 + 17 + 2 + 6?
-12
-9 + 1 + 5 + -1 + -9
-13
Evaluate 1 + -2 - -2 - (-5 + -6 + 23).
-11
Calculate 7 + (-4 - (-10 - -4) - 12).
-3
What is the value of 2 + -1 + -17 - (277 - 314)?
21
-11 - (0 + 0) - -20
9
Evaluate -25 + (5 - -10) + 0.
-10
Calculate -14 - (2 + -3 + -7 + 2 - -11).
-19
What is the value of (14 + -9 - (7 - 1)) + -5 + 2?
-4
What is the value of 54 + -32 + -24 - ((0 - -9) + -1)?
-10
What is the value of -1 - (-17 + -3 - -18)?
1
What is the value of 3 + -10 + -5 + (5 + 17 - -9)?
19
Evaluate 3 - (0 + 1 + (-24 - -20)).
6
What is (-53 - (-122 - -57)) + (0 - (-2 + 10))?
4
(-2 - -3) + 12 + (2 - 3) + -1
11
What is -6 - (-8 - ((7 - 8) + 11))?
12
Evaluate (1 - 9 - (18 + 3 + -6)) + 0.
-23
What is -6 - ((6 - -9) + -7 - 7 - 0)?
-7
What is the value of -2 + 5 + -3 + (-4 - -8) + -5?
-1
Evaluate -116 + 122 - (1 + 11).
-6
What is (75 - 85) + (0 - 3) - 5?
-18
What is the value of 5 - ((-9 - 1) + 26 + -6)?
-5
What is (-11 + 2 - (11 + (21 - 41))) + -3?
-3
16 + (10 - 8 - 7 - (0 - 10))
21
(-14 + 7 - -14) + 2 + 1
10
What is the value of -591 + 597 + -1 + 8 + -1 - 2?
10
Calculate (-10 + (5 - 3) - -9) + -2.
-1
-160 - -188 - (2 + (1 - -2) + 3)
20
0 - (2 - 1 - (3 + -2 + 2))
2
Calculate -3 + 1 + (6 + -2 - -11).
13
What is -11 + 5 + (18 - 11) - 22?
-21
What is the value of -1 + 1 - (-9 + (-12 - -13) - 3)?
11
Calculate 23 - (-6 - (-9 + -14)).
6
What is -92 - -101 - (43 + (-5 - -4))?
-33
(-32 - -1) + -10 + 5 + 5 + 4
-27
-18 - (14 + (-19 - 8)) - -4
-1
What is the value of -4 - (-9 + 1 + (23 - (27 + -9)))?
-1
Calculate 7 + (-36 - -21) + -20.
-28
(-15 - -19) + -5 + -11 + -5
-17
Calculate 5 + -12 - (3 - (14 + -7 + -2)).
-5
What is 2 + -16 + 12 + 1 + 1 + 2?
2
What is (-1 - -14 - 1) + 6?
18
What is -4 - (-11 + 11 + (0 - 0) + -7)?
3
2 - -2 - (5 + 12 + -12)
-1
What is -4 - 2 - (34 - 73 - -14)?
19
Calculate -6 - (-10 + -9) - 17.
-4
What is the value of -41 + 17 + 14 + -13 + -7?
-30
What is the value of 22 - ((-25 - (1 - 9)) + 10 + -2)?
31
Calculate 34 - 44 - (-20 - (-4 - -3)).
9
Calculate 21 + (12 - 